390 and 120.
30
What is the greatest common factor of 220 and 44?
44
Calculate the greatest common divisor of 60 and 60.
60
Calculate the greatest common divisor of 3916 and 308.
44
What is the highest common divisor of 552 and 24?
24
What is the greatest common factor of 167 and 18?
1
Calculate the highest common factor of 16 and 8.
8
Calculate the highest common factor of 216 and 702.
54
Calculate the greatest common factor of 696 and 102.
6
What is the greatest common divisor of 48 and 204?
12
What is the highest common divisor of 1001 and 77?
77
Calculate the greatest common factor of 946 and 66.
22
What is the highest common divisor of 3723 and 255?
51
What is the greatest common factor of 21 and 1323?
21
What is the greatest common factor of 252 and 72?
36
What is the greatest common divisor of 2695 and 88?
11
What is the highest common factor of 2114 and 42?
14
Calculate the greatest common divisor of 110 and 682.
22
What is the highest common factor of 161 and 7?
7
Calculate the greatest common factor of 944 and 32.
16
Calculate the greatest common divisor of 46648 and 136.
136
Calculate the greatest common divisor of 6743 and 77.
11
What is the greatest common divisor of 1079 and 26?
13
Calculate the greatest common divisor of 190 and 2755.
95
What is the greatest common divisor of 204 and 1292?
68
Calculate the highest common divisor of 2940 and 780.
60
Calculate the greatest common factor of 94 and 21197.
47
What is the greatest common divisor of 37 and 4033?
37
Calculate the highest common divisor of 600 and 1100.
100
Calculate the greatest common factor of 77 and 8624.
77
Calculate the greatest common factor of 270 and 27.
27
Calculate the greatest common divisor of 8 and 8.
8
What is the highest common divisor of 13 and 416?
13
Calculate the greatest common factor of 12 and 156.
12
Calculate the highest common divisor of 37 and 5.
1
What is the greatest common divisor of 126 and 56?
14
Calculate the highest common divisor of 79 and 5135.
79
Calculate the highest common factor of 952 and 8.
8
What is the greatest common divisor of 60 and 48?
12
Calculate the highest common divisor of 490 and 220.
10
Calculate the greatest common factor of 24 and 1200.
24
What is the greatest common factor of 1197 and 931?
133
Calculate the greatest common divisor of 2900 and 928.
116
What is the greatest common divisor of 928 and 32?
32
What is the greatest common factor of 1272 and 795?
159
Calculate the greatest common divisor of 4 and 128.
4
What is the highest common factor of 10 and 166?
2
What is the greatest common divisor of 1360 and 10?
10
What is the highest common factor of 48 and 2640?
48
Calculate the highest common factor of 714 and 391.
17
Calculate the greatest common divisor of 27 and 5.
1
Calculate the greatest common factor of 550 and 88.
22
What is the greatest common factor of 10 and 1080?
10
Calculate the greatest common divisor of 6546 and 12.
6
What is the highest common divisor of 92144 and 13?
13
Calculate the highest common divisor of 234 and 8476.
26
Calculate the greatest common factor of 5 and 40.
5
What is the highest common factor of 841 and 87?
29
What is the highest common divisor of 4 and 512?
4
Calculate the highest common divisor of 63 and 99.
9
Calculate the highest common factor of 28 and 1372.
28
What is the highest common divisor of 39 and 52?
13
What is the highest common divisor of 234 and 702?
234
What is the greatest common divisor of 111 and 629?
37
What is the highest common divisor of 1136 and 16?
16
Calculate the greatest common factor of 21 and 4809.
21
Calculate the highest common divisor of 48177 and 1431.
477
What is the greatest common factor of 5696 and 128?
64
What is the highest common factor of 9 and 1467?
9
Calculate the highest common divisor of 6499 and 67.
67
Calculate the greatest common factor of 20 and 1805.
5
Calculate the greatest common divisor of 1003 and 119.
17
Calculate the highest common divisor of 1157 and 13.
13
Calculate the highest common factor of 92 and 161.
23
Calculate the highest common factor of 145 and 5.
5
Calculate the highest common divisor of 828 and 36.
36
What is the greatest common factor of 1040 and 650?
130
Calculate the highest common divisor of 84 and 24.
12
What is the greatest common divisor of 30 and 1482?
6
Calculate the highest common factor of 49 and 91.
7
Calculate the greatest common divisor of 299 and 1150.
23
Calculate the highest common factor of 374 and 323.
17
Calculate the highest common divisor of 11 and 4411.
11
What is the highest common factor of 11 and 11?
11
What is the highest common factor of 30 and 2610?
30
What is the greatest common divisor of 540 and 18?
18
Calculate the greatest common divisor of 3430 and 30.
10
What is the greatest common factor of 364 and 112?
28
Calculate the highest common divisor of 54 and 10422.
54
What is the greatest common divisor of 180 and 210?
30
Calculate the highest common factor of 5138 and 28.
14
Calculate the highest common factor of 516 and 5031.
129
What is the greatest common divisor of 3699 and 137?
137
Calculate the greatest common factor of 250 and 3600.
50
What is the highest common factor of 238 and 3298?
34
Calculate the highest common factor of 2222 and 7474.
202
Calculate the greatest common divisor of 150 and 425.
25
What is the greatest common divisor of 1491 and 147?
21
Calculate the highest common divisor of 589 and 3565.
31
What is the greatest common divisor of 1 and 49?
1
Calculate the highest common factor of 96 and 120.
24
Calculate the greatest common divisor of 1036 and 336.
28
What is the greatest common divisor of 3038 and 98?
98
Calculate the greatest common factor of 55 and 154.
11
What is the highest common divisor of 11653 and 301?
43
What is the greatest common divisor of 104 and 64?
8
Calculate the greatest common factor of 38 and 1691.
19
What is the highest common divisor of 55 and 33?
11
What is the greatest common factor of 469 and 28?
7
What is the greatest common factor of 11 and 3652?
11
What is the greatest common factor of 65 and 65?
65
Calculate the highest common divisor of 10556 and 2548.
364
What is the greatest common divisor of 7 and 63?
7
Calculate the highest common factor of 594 and 132.
66
What is the greatest common divisor of 36 and 104?
4
Calculate the greatest common divisor of 72 and 2637.
9
What is the greatest common factor of 396 and 660?
132
What is the highest common divisor of 31 and 110267?
31
What is the greatest common divisor of 6 and 6?
6
Calculate the greatest common factor of 12 and 90.
6
What is the greatest common factor of 32 and 1648?
16
Calculate the greatest common factor of 416 and 64.
32
Calculate the highest common divisor of 91 and 21.
7
What is the highest common divisor of 70 and 56?
14
Calculate the greatest common factor of 450 and 18.
18
Calculate the greatest common factor of 564 and 96.
12
What is the highest common factor of 26424 and 60?
12
Calculate the highest common divisor of 343 and 98.
49
What is the greatest common divisor of 24950 and 100?
50
Calculate the highest common factor of 174 and 232.
58
What is the highest common factor of 40 and 360?
40
Calculate the greatest common factor of 150 and 1700.
50
Calculate the greatest common factor of 32 and 280.
8
What is the highest common factor of 2 and 62?
2
What is the highest common divisor of 12 and 876?
12
What is the greatest common divisor of 9842 and 42?
14
Calculate the greatest common factor of 516 and 696.
12
Calculate the greatest common factor of 162 and 270.
54
Calculate the greatest common factor of 46 and 23.
23
What is the highest common factor of 9 and 9?
9
Calculate the greatest common divisor of 39 and 143.
13
Calculate the highest common factor of 24 and 384.
24
Calculate the greatest common divisor of 8 and 328.
8
Calculate the greatest common divisor of 59 and 944.
59
What is the greatest common factor of 5 and 45?
5
What is the highest common factor of 836 and 1716?
44
What is the highest common factor of 20415 and 45?
15
Calculate the highest common factor of 122 and 3416.
122
Calculate the greatest common divisor of 29 and 2929.
29
What is the greatest common divisor of 3484 and 1340?
268
What is the highest common factor of 2